 3346016?
False
Is 11 a factor of 296329539?
True
Is 218 a factor of 1442803322?
False
Is 66151506 a multiple of 127?
True
Is 47 a factor of 621034144?
False
Does 5 divide 510439870?
True
Does 250 divide 4547394250?
True
Is 56432028 a multiple of 124?
True
Does 144 divide 826848?
True
Is 165 a factor of 1892528?
False
Does 328 divide 25674615?
False
Is 10 a factor of 1411274710?
True
Does 132 divide 25518636?
True
Is 10 a factor of 1665978867?
False
Is 29129420 a multiple of 160?
False
Is 1102213136 a multiple of 1571?
False
Is 5 a factor of 20143550?
True
Does 112 divide 146069608?
False
Does 84 divide 2655985248?
True
Does 177 divide 668202741?
False
Is 122753862 a multiple of 154?
True
Is 630706783 even?
False
Does 1589 divide 17140785?
False
Does 338 divide 484317520?
False
Is 1389700 a multiple of 130?
True
Is 119 a factor of 24251843?
True
Does 344 divide 88570024?
True
Does 17 divide 71660559?
True
Does 14 divide 281415716?
False
Is 75 a factor of 38259016?
False
Is 143357476 a multiple of 14?
False
Is 30665580 a multiple of 1455?
True
Does 252 divide 70700364?
True
Is 111072763 a multiple of 3454?
False
Is 2468200228 a multiple of 52?
True
Is 7 a factor of 50120891?
False
Does 154 divide 1490258?
True
Is 6144 a factor of 983992320?
True
Does 1023 divide 1742904320?
False
Is 30 a factor of 44263400?
False
Does 42 divide 328074668?
False
Does 139 divide 2820635399?
True
Is 303510824 a multiple of 66?
False
Is 37 a factor of 115320587?
False
Does 1339 divide 295919?
True
Does 7 divide 4600904?
True
Does 926 divide 5410311494?
True
Is 637169915 a multiple of 12?
False
Is 15385 a factor of 786050420?
True
Is 1523 a factor of 1185223266?
False
Does 395 divide 18405540?
False
Is 887 a factor of 340230138?
True
Is 137413795 a multiple of 372?
False
Does 17 divide 496230?
True
Is 41967212 a multiple of 1042?
False
Is 263 a factor of 120575453?
False
Does 9 divide 30336728?
False
Is 341 a factor of 615751051?
False
Is 49 a factor of 755083532?
True
Is 41 a factor of 455380399?
True
Does 93 divide 20768481?
True
Is 9 a factor of 543991242?
False
Is 146479351 a multiple of 3694?
False
Is 59939524 a multiple of 1578?
False
Is 40 a factor of 58248880?
True
Is 9539578 a multiple of 6?
False
Is 6 a factor of 19970976?
True
Is 5313341 a multiple of 11?
True
Does 24 divide 307044135?
False
Is 19 a factor of 36575510?
False
Is 4299225 a multiple of 57?
True
Is 1321392402 a multiple of 18?
True
Is 971812620 a multiple of 1740?
True
Is 19233977 a multiple of 283?
False
Does 2736 divide 76841075?
False
Is 87874688 a multiple of 1796?
True
Is 7 a factor of 123400929?
False
Is 38 a factor of 8418330?
True
Is 2224441303 a multiple of 48?
False
Does 16 divide 605499795?
False
Is 32 a factor of 3707667?
False
Does 263 divide 12716905?
False
Is 42558894 a multiple of 21?
True
Is 8323568 a multiple of 11?
True
Is 1707156480 a multiple of 160?
True
Is 2479535264 a multiple of 5077?
False
Is 1032 a factor of 88906526?
False
Is 225 a factor of 231669474?
False
Is 24268033 a multiple of 308?
False
Is 1514 a factor of 1274477630?
True
Is 9808670 even?
True
Is 37 a factor of 1240951785?
False
Does 6 divide 571641789?
False
Does 47 divide 620512142?
True
Is 1599582 a multiple of 9?
False
Does 9 divide 10151046?
True
Is 1611 a factor of 191625228?
True
Does 816 divide 3524293?
False
Is 1159298 a multiple of 238?
True
Is 103315731 a multiple of 283?
False
Is 2 a factor of 4523249?
False
Does 43 divide 15458672?
True
Is 13484676 a multiple of 12?
True
Is 1672305000 a multiple of 375?
True
Is 42 a factor of 6705541?
False
Does 5200 divide 211645200?
True
Is 314 a factor of 11633386?
True
Does 15240 divide 4529382361?
False
Is 34183417 a multiple of 539?
False
Does 173 divide 9479535?
True
Is 1126363121 a multiple of 667?
False
Is 2 a factor of 15185445?
False
Does 246 divide 76509690?
True
Is 2999 a factor of 61641446?
True
Is 3341577 a multiple of 2?
False
Is 273078441 a multiple of 151?
False
Does 10 divide 92563680?
True
Does 12 divide 28475156?
False
Is 35312683 a multiple of 49?
True
Is 885097376 a multiple of 214?
False
Does 24 divide 69515525?
False
Does 3438 divide 83134278?
True
Is 4224 a factor of 196093275?
False
Is 305 a factor of 823866703?
False
Is 463 a factor of 136624033?
False
Does 326 divide 2198870?
True
Is 74109790 a multiple of 1672?
False
Does 52 divide 4489992?
True
Does 6 divide 1107474026?
False
Is 43601652 a multiple of 76?
False
Is 143662815 a multiple of 405?
True
Does 16 divide 2324336?
True
Does 38 divide 122487262?
True
Is 3853259659 a multiple of 30?
False
Is 3788 a factor of 42275704?
False
Is 164 a factor of 14794086?
False
Is 31 a factor of 37985819?
True
Does 136 divide 2796054702?
False
Is 544 a factor of 294665957?
False
Is 1353 a factor of 712365324?
True
Is 107840483 a multiple of 106?
False
Is 7 a factor of 232725514?
True
Is 118094785 a multiple of 48?
False
Is 587881533 a multiple of 172?
False
Does 1334 divide 1721677742?
True
Is 23 a factor of 14500373?
True
Is 22576274 a multiple of 299?
False
Is 608914476 a multiple of 37?
True
Is 79364881 a multiple of 591?
False
Is 25 a factor of 49002120?
False
Is 33 a factor of 3313579448?
False
Is 194 a factor of 22055209?
False
Does 2216 divide 369637664?
True
Is 16 a factor of 133551296?
True
Does 12 divide 24920340?
True
Is 1031097796 a multiple of 7918?
True
Is 413 a factor of 824443?
False
Does 2414 divide 2205418330?
True
Is 21 a factor of 1685985?
True
Is 60 a factor of 125578980?
True
Is 172699707 a multiple of 3?
True
Is 3588364221 a multiple of 22?
False
Does 57 divide 14560542?
False
Does 277 divide 59200440?
True
Is 2712 a factor of 59410208?
False
Does 43 divide 2188547438?
False
Is 104 a factor of 30501802?
False
Is 985 a factor of 1148510?
True
Does 10393 divide 4313894868?
False
Is 49866270 a multiple of 28?
False
Is 357 a factor of 20179563?
False
Does 1036 divide 81699996?
True
Does 63 divide 14191409?
False
Does 4 divide 4471348?
True
Is 564044412 a multiple of 228?
True
Does 718 divide 250841?
False
Does 186 divide 69612918?
True
Is 2054 a factor of 30386876?
True
Is 301554035 a multiple of 2185?
True
Is 25728696 a multiple of 2157?
True
Is 18119552 a multiple of 1514?
True
Is 1128360618 a multiple of 6573?
True
Is 304 a factor of 278990832?
True
Does 43 divide 30868878?
False
Does 9 divide 975555?
True
Is 496 a factor of 2733200929?
False
Is 336 a factor of 158407341?
False
Is 23 a factor of 1856542397?
False
Is 155649269 a multiple of 35?
False
Is 102 a factor of 25805388?
True
Is 74609316 a multiple of 1332?
True
Does 267 divide 384162655?
False
Is 189 a factor of 7851500748?
True
Does 1068 divide 1908300394?
False
Does 7 divide 35765155?
False
Is 151 a factor of 52114647?
False
Is 96169775 a multiple of 152?
False
Is 97792720 a multiple of 40?
True
Is 7 a factor of 956565047?
False
Is 233040973 a multiple of 23?
False
Is 252729486 a multiple of 752?
False
Does 4 divide 124755436?
True
Is 289 a factor of 33670523?
True
Does 22 divide 2076140?
True
Is 579 a factor of 107197218?
True
Is 133415032 a multiple of 226?
True
Is 68417557 a multiple of 45?
False
Is 5849 a factor of 6972148376?
True
Is 3511 a factor of 50450400?
False
Is 52 a factor of 1092391627?
False
Is 13 a factor of 8779334?
False
Is 1087 a factor of 130730117?
False
Does 1188 divide 1322830872?
True
Does 33 divide 915531672?
True
Is 508489425 a multiple of 9?
True
Does 1323 divide 203116221?
True
Does 1637 divide 71400404?
False
Is 135 a factor of 2918388?
False
Is 1634740287 a multiple of 849?
False
Does 317 divide 598086067?
False
Is 3094 a factor of 2243886372?
True
Is 214 a factor of 128392359?
False
Is 67 a factor of 1588078?
False
Is 3 a factor of 11746482?
True
Is 6 a factor of 158118738?
True
Is 3 a factor of 4252020?
True
Does 366 divide 186571428?
True
Is 40 a factor of 463211241?
False
Is 705364647 a multiple of 177?
True
Is 374 a factor of 304766242?
True
Is 710 a factor of 167326870?
False
Does 3274 divide 1642711503?
False
Is 146 a factor of 42710294?
False
Is 10664816 a multiple of 251?
False
Is 258967503 a multiple of 8?
False
Is 11251980 a multiple of 36?
True
Is 3760950381 a multiple of 827?
True
Is 454 a factor of 6413658?
True
Is 58273875 a multiple of 4155?
True
Does 202 divide 